

{"id":157,"date":"2025-09-14T01:13:22","date_gmt":"2025-09-13T23:13:22","guid":{"rendered":"https:\/\/mnbaservices.com\/?post_type=product&#038;p=157"},"modified":"2026-01-01T15:37:16","modified_gmt":"2026-01-01T15:37:16","slug":"quizz-de-diagnostic-digital","status":"publish","type":"product","link":"https:\/\/mnbaservices.com\/index.php\/product\/quizz-de-diagnostic-digital\/","title":{"rendered":"Quizz de diagnostic digital"},"content":{"rendered":"<p>D\u00e9couvrez en 5 minutes ce qui bloque votre croissance et comment y rem\u00e9dier par un quizz interactif.<\/p>\n<p><img decoding=\"async\" class=\"emoji\" role=\"img\" draggable=\"false\" src=\"https:\/\/s.w.org\/images\/core\/emoji\/16.0.1\/svg\/2714.svg\" alt=\"\u2714\" \/>\u00a0Identifiez vos points forts et vos lacunes digitales<br data-start=\"1037\" data-end=\"1040\" \/><img decoding=\"async\" class=\"emoji\" role=\"img\" draggable=\"false\" src=\"https:\/\/s.w.org\/images\/core\/emoji\/16.0.1\/svg\/2714.svg\" alt=\"\u2714\" \/>\u00a0Recevez des conseils adapt\u00e9s \u00e0 votre niveau (d\u00e9butant, interm\u00e9diaire ou avanc\u00e9)<br data-start=\"1171\" data-end=\"1174\" \/><img decoding=\"async\" class=\"emoji\" role=\"img\" draggable=\"false\" src=\"https:\/\/s.w.org\/images\/core\/emoji\/16.0.1\/svg\/2714.svg\" alt=\"\u2714\" \/>\u00a0Acc\u00e9dez \u00e0 des solutions pratiques pour progresser<br data-start=\"1225\" data-end=\"1228\" \/><img decoding=\"async\" class=\"emoji\" role=\"img\" draggable=\"false\" src=\"https:\/\/s.w.org\/images\/core\/emoji\/16.0.1\/svg\/2714.svg\" alt=\"\u2714\" \/>\u00a0D\u00e9bloquez un\u00a0<strong data-start=\"1243\" data-end=\"1261\">bonus exclusif<\/strong>\u00a0apr\u00e8s le diagnostic<\/p>\n","protected":false},"excerpt":{"rendered":"<p>D\u00e9couvrez en 5 minutes ce qui bloque votre croissance et comment y rem\u00e9dier par un quizz interactif. \u00a0Identifiez vos points forts et vos lacunes digitales\u00a0Recevez des conseils adapt\u00e9s \u00e0 votre niveau (d\u00e9butant, interm\u00e9diaire ou avanc\u00e9)\u00a0Acc\u00e9dez \u00e0 des solutions pratiques pour progresser\u00a0D\u00e9bloquez un\u00a0bonus exclusif\u00a0apr\u00e8s le diagnostic<\/p>\n","protected":false},"featured_media":152,"comment_status":"open","ping_status":"closed","template":"","meta":{"om_disable_all_campaigns":false,"_monsterinsights_skip_tracking":false,"_monsterinsights_sitenote_active":false,"_monsterinsights_sitenote_note":"","_monsterinsights_sitenote_category":0},"product_brand":[],"product_cat":[20],"product_tag":[],"class_list":{"0":"post-157","1":"product","2":"type-product","3":"status-publish","4":"has-post-thumbnail","6":"product_cat-uncategorized","8":"first","9":"instock","10":"downloadable","11":"virtual","12":"purchasable","13":"product-type-simple"},"aioseo_notices":[],"_links":{"self":[{"href":"https:\/\/mnbaservices.com\/index.php\/wp-json\/wp\/v2\/product\/157","targetHints":{"allow":["GET"]}}],"collection":[{"href":"https:\/\/mnbaservices.com\/index.php\/wp-json\/wp\/v2\/product"}],"about":[{"href":"https:\/\/mnbaservices.com\/index.php\/wp-json\/wp\/v2\/types\/product"}],"replies":[{"embeddable":true,"href":"https:\/\/mnbaservices.com\/index.php\/wp-json\/wp\/v2\/comments?post=157"}],"wp:featuredmedia":[{"embeddable":true,"href":"https:\/\/mnbaservices.com\/index.php\/wp-json\/wp\/v2\/media\/152"}],"wp:attachment":[{"href":"https:\/\/mnbaservices.com\/index.php\/wp-json\/wp\/v2\/media?parent=157"}],"wp:term":[{"taxonomy":"product_brand","embeddable":true,"href":"https:\/\/mnbaservices.com\/index.php\/wp-json\/wp\/v2\/product_brand?post=157"},{"taxonomy":"product_cat","embeddable":true,"href":"https:\/\/mnbaservices.com\/index.php\/wp-json\/wp\/v2\/product_cat?post=157"},{"taxonomy":"product_tag","embeddable":true,"href":"https:\/\/mnbaservices.com\/index.php\/wp-json\/wp\/v2\/product_tag?post=157"}],"curies":[{"name":"wp","href":"https:\/\/api.w.org\/{rel}","templated":true}]}}